{"id":108,"date":"2024-06-15T13:17:49","date_gmt":"2024-06-15T16:17:49","guid":{"rendered":"http:\/\/especializacao.cavg.ifsul.edu.br\/?page_id=108"},"modified":"2024-07-17T17:31:45","modified_gmt":"2024-07-17T20:31:45","slug":"matriz-curricular","status":"publish","type":"page","link":"https:\/\/especializacao.cavg.ifsul.edu.br\/index.php\/matriz-curricular\/","title":{"rendered":"Matriz Curricular"},"content":{"rendered":"\n<figure class=\"wp-block-table has-small-font-size\"><table><tbody><tr><td colspan=\"3\"><strong>1\u00ba Semestre<\/strong><\/td><\/tr><tr><td><strong>Disciplina<\/strong><\/td><td><strong>Cr\u00e9ditos<\/strong><\/td><td><strong>Carga-Hor\u00e1ria<\/strong><\/td><\/tr><tr><td>Semin\u00e1rios de Pesquisa I <\/td><td>3<\/td><td>45h <\/td><\/tr><tr><td>Teorias de Aprendizagem<\/td><td>2<\/td><td>30h<\/td><\/tr><tr><td>Tecnologias Digitais para Educadores<\/td><td>3<\/td><td>45h<\/td><\/tr><tr><td colspan=\"3\"><strong>2\u00ba Semestre<\/strong><\/td><\/tr><tr><td><strong>Disciplina<\/strong><\/td><td><strong>Cr\u00e9ditos<\/strong><\/td><td><strong>Carga-Hor\u00e1ria<\/strong><\/td><\/tr><tr><td>Semin\u00e1rios de Pesquisa II<\/td><td>3<\/td><td>45h<\/td><\/tr><tr><td>Ensino atrav\u00e9s de Projetos<\/td><td>2<\/td><td>30h<\/td><\/tr><tr><td>Pr\u00e1tica de Extens\u00e3o no Ensino de Ci\u00eancias, Matem\u00e1tica e Tecnologias<\/td><td>5<\/td><td>75h<\/td><\/tr><tr><td colspan=\"3\"><strong>3\u00ba Semestre<\/strong><\/td><\/tr><tr><td><strong>Disciplina<\/strong><\/td><td><strong>Cr\u00e9ditos<\/strong><\/td><td><strong>Carga-Hor\u00e1ria<\/strong><\/td><\/tr><tr><td>Semin\u00e1rios de Pesquisa III<\/td><td>3<\/td><td>45h<\/td><\/tr><tr><td>Tecnologias na Educa\u00e7\u00e3o<\/td><td>3<\/td><td>45h<\/td><\/tr><\/tbody><\/table><\/figure>\n","protected":false},"excerpt":{"rendered":"<p>1\u00ba Semestre Disciplina Cr\u00e9ditos Carga-Hor\u00e1ria Semin\u00e1rios de Pesquisa I 3 45h Teorias de Aprendizagem 2 30h Tecnologias Digitais para Educadores 3 45h 2\u00ba Semestre Disciplina Cr\u00e9ditos Carga-Hor\u00e1ria Semin\u00e1rios de Pesquisa II 3 45h Ensino atrav\u00e9s de Projetos 2 30h Pr\u00e1tica de Extens\u00e3o no Ensino de Ci\u00eancias, Matem\u00e1tica e Tecnologias 5 75h 3\u00ba Semestre Disciplina Cr\u00e9ditos [&hellip;]<\/p>\n","protected":false},"author":1,"featured_media":0,"parent":0,"menu_order":0,"comment_status":"closed","ping_status":"closed","template":"","meta":{"footnotes":""},"class_list":["post-108","page","type-page","status-publish","hentry"],"_links":{"self":[{"href":"https:\/\/especializacao.cavg.ifsul.edu.br\/index.php\/wp-json\/wp\/v2\/pages\/108","targetHints":{"allow":["GET"]}}],"collection":[{"href":"https:\/\/especializacao.cavg.ifsul.edu.br\/index.php\/wp-json\/wp\/v2\/pages"}],"about":[{"href":"https:\/\/especializacao.cavg.ifsul.edu.br\/index.php\/wp-json\/wp\/v2\/types\/page"}],"author":[{"embeddable":true,"href":"https:\/\/especializacao.cavg.ifsul.edu.br\/index.php\/wp-json\/wp\/v2\/users\/1"}],"replies":[{"embeddable":true,"href":"https:\/\/especializacao.cavg.ifsul.edu.br\/index.php\/wp-json\/wp\/v2\/comments?post=108"}],"version-history":[{"count":5,"href":"https:\/\/especializacao.cavg.ifsul.edu.br\/index.php\/wp-json\/wp\/v2\/pages\/108\/revisions"}],"predecessor-version":[{"id":539,"href":"https:\/\/especializacao.cavg.ifsul.edu.br\/index.php\/wp-json\/wp\/v2\/pages\/108\/revisions\/539"}],"wp:attachment":[{"href":"https:\/\/especializacao.cavg.ifsul.edu.br\/index.php\/wp-json\/wp\/v2\/media?parent=108"}],"curies":[{"name":"wp","href":"https:\/\/api.w.org\/{rel}","templated":true}]}}